1 - 14*m**3. Calculate v(3).
6
Let l(z) = z**2 + 5*z - 24. Suppose 76 - 445 = 41*w. Calculate l(w).
12
Let h(y) = 3*y**2 - 6*y - 9. Let m(s) = -s**2 + 1. Let g be (-33)/(-11)*2/6. Let i(d) = g*h(d) + 4*m(d). Give i(-6).
-5
Suppose -l = -4*o - 0 - 12, o + 3 = 2*l. Let c(s) = 8*s + 18. What is c(o)?
-6
Let p(d) = -4*d**2 - d. Let m(w) = -w**3 - 10*w**2 - 9*w + 1. Suppose q - 3*b = -21, -2*q - 10 - 12 = -b. Let g be m(q). What is p(g)?
-5
Suppose 18 = 5*c - 2*c. Let m = -4 + c. Let y(n) = -3*n - n**3 - m*n**2 + 2*n**2 + 2 + 6*n**2 + 7. What is y(6)?
-9
Let p(z) = 5*z - 14. Let d(b) = 6*b - 16. Let n(q) = -4*d(q) + 5*p(q). What is n(11)?
5
Suppose -120 = -2*q - 13*q. Let j(h) = -h - 5. Give j(q).
-13
Let a(u) be the second derivative of u**3/2 + 27*u. Let l(y) = 5*y - 33. Let j be l(7). Give a(j).
6
Let p(y) = y**3 + y**2 + 3. Let v be (17 - 23) + 7 + 2. Give p(v).
39
Let x(u) = -3*u**2 + 11*u - 1. Let y(w) = 7*w**2 - 23*w + 3. Let q(j) = -5*x(j) - 2*y(j). What is q(5)?
-21
Suppose 0 = -j - h + 4*h + 5, -3*h - 11 = -4*j. Suppose j*i + 2*i = 0. Let b(v) = v + 4. Calculate b(i).
4
Suppose 66*i - 74*i + 16 = 0. Let s(k) be the second derivative of 1/5*k**5 + 1/3*k**3 - 1/2*k**2 - i*k - 1/12*k**4 + 0. Give s(1).
4
Let c(v) = v**3 - 2*v**2 - 2*v + 2. Let l(d) = -d**3 - 6*d**2 + 12*d + 19. Let b be l(-8). Let o be (-6)/51 + 159/b. What is c(o)?
5
Let x = -3 + 0. Let b(y) = -2*y - 1. Let c be b(x). Suppose v - 25 = -3*v + c*g, -4*v + 16 = 4*g. Let j(z) = z**2 - 7*z + 5. Calculate j(v).
-5
Let i(p) = 4*p - 2. Suppose -136 + 40 = -12*w. Suppose b = 4*r - r - 10, 2*r = b + w. Calculate i(b).
-18
Let c(d) = -d**2 + 4*d + 5. Suppose 0 = -5*r + 5*p - 60 + 50, r + 17 = -4*p. Determine c(r).
-40
Let o(a) = a - 1 + 4 + 1 + a**3. Let y = -39 - -4. Let m = -35 - y. Give o(m).
4
Let j(l) = 18*l - 9 - l**2 - 3*l + 0*l + l**3 - 4*l**2 - 2*l**2. Determine j(4).
3
Suppose 26*l = 27*l. Let c(f) = 99 - f**2 - 6*f - 105 - 2*f + l*f. Let k be ((-6)/(-1))/(-5 + 4). Calculate c(k).
6
Let a be (60/25)/(-2*3/(-15)). Let h(i) = -2*i + i + a - 9. Let w be 15/(-2)*16/20. What is h(w)?
3
Let a(y) = -y + 12. Let b be (-1)/2 + 2/(4/19). Determine a(b).
3
Let i(m) = -2*m**2 + 13*m - 7. Let k(l) = -l**2 + 7*l - 4. Let q(n) = -3*i(n) + 5*k(n). Give q(4).
1
Let n(m) = m**3 - 6*m**2 + 6*m - 3. Let s be n(5). Suppose -2*a + s = -g, -6*a = -2*a - 4. Let f(k) = -k**2 + 2. Determine f(g).
2
Let j(a) = -a + 3. Let q = 53 + -25. Let d be q/21 - 1/3. Let t be d*(-1 + (1 - 0)). What is j(t)?
3
Suppose 4*s - 9*s - h = 14, 2*s + 9 = 3*h. Let x(z) = -2*z**2 + 4*z + 7. Let n(j) = -3*j**2 + 7*j + 12. Let c(v) = 3*n(v) - 5*x(v). Give c(s).
7
Let m be (-5)/6*(-26)/13*3. Let o(f) = -2*f**2 + 11*f - 5. Give o(m).
0
Let i(m) = 2*m**2 - 35*m + 135. Let w be i(10). Let f(t) = -3*t - 46. Give f(w).
-1
Let m(i) = -22*i - 217. Let o be m(-10). Let r(g) be the first derivative of -2*g**3/3 + 5*g**2/2 - 3*g + 1. What is r(o)?
-6
Let n(t) = -t**2 - 2*t + 2. Let m(w) = -w + 1. Let g be 2/8 + -1 + 207/36. Let r be m(g). Calculate n(r).
-6
Let p(n) be the first derivative of -1/2*n**2 - 2*n + 1. Give p(6).
-8
Let n(z) = -5*z**3 - 6*z**2 - 6. Suppose 24*r - 20*r = 4. Let w(m) = -m**3 - m**2 - 1. Let y(o) = r*n(o) - 4*w(o). Determine y(-3).
7
Let t(w) = -w**2 + 3*w + 4. Let i be t(4). Suppose q = -i*q. Suppose -2*o + 6 = 3*u - u, q = 4*u. Let p(d) = -d + 4. Determine p(o).
1
Let f(k) be the third derivative of -k**4/24 - k**3/6 + 49*k**2 - 2. What is f(-13)?
12
Let s(w) = -5*w + 7. Suppose -2*o - 17*t - 10 = -15*t, 0 = 5*o - 3*t + 33. Calculate s(o).
37
Let u = 199 - 191. Let f be (1 + 0 - -1)*2. Let l = f - u. Let d(t) = -2*t - 2. Calculate d(l).
6
Suppose 29 = -25*l + 4. Let q(y) be the first derivative of -y**3 - y**2/2 - y - 1. What is q(l)?
-3
Let r(o) = -o**3 + 4*o + 4. Suppose -2*n - 5 = u, -5*n + 5*u + 13 - 33 = 0. Let x be (1 - n) + -2 + -5. Determine r(x).
19
Suppose -4*s + 11 = 3*o, s + 2*s + 4*o = 10. Let i(p) be the third derivative of 3/8*p**4 - 1/6*p**3 - 3*p**2 + 0 + 0*p. Calculate i(s).
17
Let p(j) be the second derivative of j**4/12 - 5*j**3/3 + j**2 - 16*j + 4. What is p(9)?
-7
Suppose -2*n - 4*d + 26 = 0, 9*d - 17 = n + 5*d. Let i(f) = -2*f**3 + 4*f**2 + 2*f - 3. What is i(n)?
-15
Let n(r) = -r**3 + r**2 - 11. Let f(p) = -p**2 - 6*p - 5. Let y be (-8)/(-12) - 17/3 - 0. Let t be f(y). What is n(t)?
-11
Let x = -86 - -93. Let v(f) = f + 5. What is v(x)?
12
Let i(w) = -w**3 + 2*w**2 - w. Suppose -5 = 4*d + 91. Let t = d - -25. Give i(t).
0
Let h(a) = -131*a - 2 + 65*a + 65*a. Calculate h(-5).
3
Suppose 2 = u - 2*u. Let h(l) = 5*l + 66. Let i(a) = 11*a + 143. Let n(t) = 13*h(t) - 6*i(t). What is n(u)?
2
Let x(h) = h**2 - 2. Let j = 33 + -22. Suppose -j*r = -14*r. Give x(r).
-2
Let o be 4 + (-15 - -2) + 3. Let u(s) be the first derivative of -s**2/2 - 2*s - 2. Calculate u(o).
4
Suppose 4*k = 9*k + 35. Let i(l) = l**2 + 9*l + 9. Let x be i(k). Let r(d) = -d. Let a(z) = z**2 + 4*z + 7. Let s(f) = -a(f) + 3*r(f). What is s(x)?
3
Suppose -g - 82 + 86 = 0. Let l(x) be the third derivative of 0 - 1/60*x**5 + 5/6*x**3 + 0*x + 1/6*x**g + x**2. Give l(6).
-7
Let v(c) be the third derivative of -1/60*c**5 - 7*c**2 + 0 - 1/8*c**4 - 1/2*c**3 + 0*c. Let q = -10 + 6. Give v(q).
-7
Let n(z) be the first derivative of 3*z**2/2 + 11*z - 82. Determine n(5).
26
Suppose -4*h - 12 = 2*s + s, -3*s - 12 = -2*h. Suppose -2*v - 2*v - 4 = h. Let u(a) = 7*a + 6. Let t(r) = -24*r - 19. Let q(f) = -6*t(f) - 19*u(f). Give q(v).
-11
Suppose 696 = -12*q + 16*q. Let r(u) = -q*u - 177*u + 4 - 2 + 352*u. Calculate r(-4).
-2
Let q(f) = f**3 - 7*f**2 - 2*f - 12. Let a(y) = 2*y - 3. Let b(j) = j - 1. Let p(h) = 2*a(h) - 5*b(h). Let l(w) = -4*p(w) + q(w). Determine l(7).
6
Let w(g) be the second derivative of -3*g**3/2 - 205*g. Determine w(-3).
27
Suppose 3*s = s + 54. Suppose -z - 2*z = s. Let w(y) = -3*y**2 - 9*y + 12*y**2 + 9*y + 2*y + 0 + 13 + y**3. Give w(z).
-5
Let r(s) = -11 + 110*s**3 - 8*s - 58*s**3 - 53*s**3 + 7*s**2. Let g be r(5). Let u(n) = 10*n**3 + 2*n**2 + 2*n + 1. Determine u(g).
-9
Let t = 37 - 30. Suppose t = 4*n - 13. Let x(g) = -5*g**2 - n + 9*g - g + g**2 + 3*g**2. Calculate x(7).
2
Let g(j) be the third derivative of -j**5/60 - j**3/2 - 8*j**2 - 8. What is g(0)?
-3
Let j(u) = 2*u + 4. Let t be 20*(-12)/8*5. Let w be 2/14 - t/(-21). What is j(w)?
-10
Let o be (-7 - 1)*(-1)/2. Let x(i) = 3*i - o*i - 5*i + 7 + 2*i**3 + 6*i**2 - i**3. What is x(-7)?
0
Let q(r) = -r**3 - 17*r**2 - 31*r - 14. Let u be q(-15). Let n(z) = -5*z**2 - 4*z + 2. Let p(v) = 3*v**2 + 2*v - 1. Let w(j) = 4*n(j) + 7*p(j). What is w(u)?
0
Let u be (1 - (-5)/(-4)) + 1625/100. Let f(i) = -15 - 2*i**2 + 7*i**2 - i + u. Give f(1).
5
Let z = -8 - -4. Let w(r) = -r**3 - 5*r**2 - 3*r - 1. Let a be w(z). Let p(o) = -20 + o + 10 + 7 + 1. Determine p(a).
-7
Suppose 0 = -114*v + 42*v - 288. Let m(d) = -2*d**3 - 5*d**2 + 4*d. Determine m(v).
32
Let k(b) = -b**2 + 6*b - 1. Let p = 442 - 438. What is k(p)?
7
Let r be -3*(0 + 2)/2. Suppose 4*g - 2 = 6. Let o(v) = -1 + 0*v + v**2 + v - g. Calculate o(r).
3
Let y(n) = 9*n**2 - 18*n + 4. Let b(p) = 11*p**2 - 20*p + 4. Let h(j) = 5*b(j) - 6*y(j). Let k = -13 + 5. Give h(k).
-4
Suppose 3*u - 5 = -2. Let c(g) = 9*g - 14. Let q(v) = 3. Let z(w) = -c(w) - 5*q(w). Calculate z(u).
-10
Suppose -4*n + q = -23 + 71, 0 = 3*n + 5*q + 36. Let b(k) = -2*k - 15. What is b(n)?
9
Let s(j) = j**2 + 13*j - 17. Suppose 0 = 13*w + 104 + 91. Calculate s(w).
13
Let a(u) be the first derivative of -u**3/3 + 16*u - 962. Suppose -d - 2*d = 0. Give a(d).
16
Suppose -3*k + 38 = -k. Suppose 7*y - 6*y + 5*f = -k, -f + 25 = 5*y. Let h(d) = -d. Give h(y).
-6
Let t(q) = 2*q + 2. Let x(s) = s**2 - 5*s + 16. Let u(g) = 3*t(g) - x(g). Calculate u(10).
0
Let o(z) = 2*z - 11*z**3 + z**2 + 44 + 47 - 90. Calculate o(-1).
11
Let p be 1*(-1 + 2)*-1. Let d(v) = 40 - 11 - 13 - 15. Let k(y) = -5*y**3 - 6. Let i(j) = -6*d(j) - k(j). What is i(p)?
-5
Suppose -5*x + 30 = 5*f, f - 2*x - 9 = -4*x. Suppose g = 16 - 0. Let w(n) = -g*n - 2 + 18*n + 3. Determine w(f).
7
Let a(n) be the second derivative of -n**6/720 + n**5/120 + 4*n**4/3 - 11*n. Let k(z) be the third derivative of a(z). Suppose -4 = 2*o + 2. Give k(o).
4
Let v(f) = 12*f**2 - 9*f + 11. Let d(t) = -4*t**2